culate the greatest common divisor of u and o.
13
Let r(b) = 13*b**2 - 5*b - 241. Let j be r(-13). What is the greatest common factor of j and 94?
47
Suppose -4*a - 94 = -366. What is the highest common factor of 20 and a?
4
Suppose -201*b = -177*b - 816. What is the highest common factor of b and 13?
1
Suppose -32*y + 36*y + 3*a = 126, -a = -y + 14. Let d = -64 + -128. Let j = 288 + d. What is the greatest common factor of j and y?
24
Let y be (-1 - 53/(-2))/(1325/(-50) - -27). Calculate the highest common divisor of 629 and y.
17
Suppose -5*m + 321 = y, 3*m + 966 = -5*y + 2637. What is the greatest common divisor of y and 364?
28
Suppose -2*k + 8 = -10. Let b be (-6 + (-8 - -10))*12/(-1). Suppose -11*s + 7*s = 4*w - b, w - 39 = -4*s. What is the greatest common factor of s and k?
9
Let t be -2*2 + -2 - (36 - 85). Calculate the greatest common divisor of 3 and t.
1
Suppose -61*u + 20*u + 2255 = 0. What is the greatest common factor of u and 935?
55
Suppose 2*b = -5*b + 987. Let c = -6 + b. Let i = 168 - c. Calculate the greatest common factor of i and 3.
3
Let j = 102 + -189. Let p = -71 - j. What is the highest common divisor of p and 1?
1
Suppose -5*l + 285 = 3*k - 216, 5*l + 5*k - 495 = 0. Let x = -110 + 184. Let b = -68 + x. What is the highest common factor of l and b?
6
Suppose 0 = -79*i - 31116 + 153171. Calculate the highest common factor of 15 and i.
15
Let k = 40 + -16. Let s(h) = -20*h - 23. Let g be s(-7). Let z = g - -99. Calculate the greatest common divisor of z and k.
24
Let k be 8/10*1 + (-140)/175. Suppose -2*i + 58 = 2*l, -3*l = 4*i - k*l - 118. What is the highest common factor of 434 and i?
31
Let j be (-8)/(-6) + (-276)/207. Suppose -6*q + 28*q - 44 = j. What is the highest common factor of q and 50?
2
Let w be (6 + 27/(-6))/((-4)/(-1504)). Suppose -3*x + x - o = -231, 0 = -5*x + 2*o + w. What is the highest common divisor of 12 and x?
6
Suppose 0 = -14*d + 377 + 211. What is the highest common divisor of d and 798?
42
Let s be 13/(-52) - 17/(-4). Let l be (54/8)/(36/96). Calculate the highest common divisor of l and s.
2
Let v(s) = 3*s**3 - s**2 + 4*s - 3. Let y be v(2). Suppose 5*f + y = 0, -4*j + 100 = f - 31. What is the greatest common divisor of 170 and j?
34
Let x = -2623 - -2631. Calculate the greatest common factor of x and 3352.
8
Suppose 0 = 8*z - 5*u + 340 - 1265, -5*u - 5 = 0. What is the greatest common divisor of z and 70?
5
Let k be (6 + -41)*(33 - 38). Suppose 5*y - 350 = -0*y. Calculate the greatest common factor of k and y.
35
Let t = -9270 - -9335. Let q = -3 - -68. What is the highest common divisor of q and t?
65
Let o = 148 + -144. Let c(a) = -a - 8. Let z be c(-10). Let d be 28 - z/8*o. Calculate the greatest common divisor of d and 9.
9
Let q(n) = -91*n - 1026. Let c be q(-12). What is the greatest common divisor of 506 and c?
22
Let u = -260 - -264. Suppose -5*j - 426 = -2*w - 2*j, -4*j = -u*w + 844. What is the highest common factor of 46 and w?
23
Let a = 39 - 36. Suppose 7 = -5*s + 187. Let x = -35 + s. What is the greatest common factor of a and x?
1
Suppose 60*z - 72 = 51*z. Calculate the greatest common factor of 864 and z.
8
Let g be 3382/((2/15)/(7 - (-1560)/(-225))). Calculate the highest common divisor of 1513 and g.
89
Let b(x) = 6*x - 5. Let p be b(6). Suppose -1791*f + 1794*f - 1023 = 0. What is the greatest common factor of p and f?
31
Suppose -w + 2222 = -3*q, -4*w - 28*q = -27*q - 8888. What is the highest common divisor of w and 606?
202
Let l = -5 - -16. Suppose l*i - 33 = 187. What is the greatest common divisor of 340 and i?
20
Let v(p) = 15*p + 109. Suppose -2*g - s + 3 - 14 = 0, -g - 3*s = -2. Let x be v(g). Let a = 51 - 31. Calculate the greatest common divisor of x and a.
4
Suppose 15 = 5*w, -4*q + 3 = -2*q - 5*w. Suppose -5*b - 5*n + 345 = 0, -5*n = -2*b + 150 + q. Calculate the greatest common divisor of b and 18.
18
Suppose -2*q + 6 = 0, -2*q = 4*a - 3*a - 294. Calculate the greatest common factor of 828 and a.
36
Let j be 780/105 - (-60)/105. What is the greatest common divisor of j and 16216?
8
Suppose 101*b + 1168 = 174*b. Calculate the greatest common factor of 2056 and b.
8
Suppose -38*k = -47*k - 243. Let u = -22 - k. Calculate the highest common divisor of u and 1.
1
Let n = 4187 - 2052. What is the greatest common factor of 244 and n?
61
Let u(i) be the second derivative of -i**3/6 - 9*i**2/2 + 12*i. Let n be u(-3). Let h = n + 42. What is the greatest common factor of 24 and h?
12
Let s be (-32)/(-24)*9/2. Let f = -1165 - -1387. What is the greatest common divisor of s and f?
6
Let t(s) = -114*s + 113. Let l be t(4). Let n = -330 - l. Calculate the highest common divisor of 299 and n.
13
Suppose -8*l + 37 + 3 = 0. Let z(g) = 2*g**2 + l*g**2 + 9 + 7*g + 2*g**2 - 5. Let s be z(-6). What is the highest common divisor of 26 and s?
26
Suppose -h + 331 = 3*f - 376, 5*h = -5*f + 1195. What is the greatest common factor of f and 1098?
18
Let w be -894*(-9)/6 + (-5 - -3). Suppose -2*f + 5*j + w = 0, 10 - 1 = -3*j. Let a = 1005 - f. Calculate the highest common factor of a and 49.
49
Let c = -8760 + 9003. Calculate the greatest common factor of c and 1107.
27
Let s = 38 + -6. Suppose 3*p - 4 - s = 0. Let t = 7975 + -7971. What is the highest common divisor of t and p?
4
Let u = -3331 - -3351. Calculate the highest common factor of u and 5060.
20
Suppose -205*t + 196*t + 7317 = 0. Let w = 825 - t. What is the highest common divisor of 84 and w?
12
Suppose -2104 + 35 = -3*i + w, w + 2759 = 4*i. What is the highest common divisor of 414 and i?
138
Suppose -67*p + 308650 = 126678. Calculate the highest common divisor of 14 and p.
14
Suppose -3*k = -2*d + 8, 19 - 17 = 4*d + k. What is the greatest common divisor of d and 210?
1
Let l be (-6420)/14445 + 62*110/36. Let g be (0 + -10)*42/(-10). What is the greatest common factor of g and l?
21
Let f(a) = 0 + a + 0 - 13*a**2 + 8*a**2. Let i be f(2). Let t = -7 - i. Calculate the highest common factor of 99 and t.
11
Suppose 14*y - 18*y = -360. Let w = y + 296. Let h be w/26 + (-6)/(-39). Calculate the greatest common divisor of h and 135.
15
Let v = -92 - -110. Suppose -v - 2 = -10*w. Suppose -4*c + n = -130, -n - 18 = -w*c + 48. Calculate the highest common divisor of 64 and c.
32
Let a = 93 - 61. Suppose -a + 134 = 6*x. What is the highest common factor of 119 and x?
17
Let t = 159 + -67. Let w = 11 + t. Suppose -w - 113 = -3*m. What is the highest common factor of m and 8?
8
Suppose 0 = 2*n + 9 - 5, 0 = -g - 3*n + 119. Suppose 0 = -3*a - a - 5*s + 155, 2*s - g = -3*a. What is the greatest common divisor of a and 15?
15
Let x = -4479 - -5465. What is the greatest common factor of 58 and x?
58
Let u = 242223 + -242175. Let y be 8/(2/2) - 2. What is the greatest common divisor of y and u?
6
Let b(u) = u**2 - 12*u - 25. Let m be b(17). Let o be (m/(-50))/(9/(-660)). Suppose 0 = -0*q + 4*q - o. Calculate the greatest common factor of q and 110.
22
Let t = 36912 - 36317. Let v(o) = o**2 - 1. Let d be v(-6). Calculate the highest common factor of d and t.
35
Let m = -519 - -558. Let k be 2 - (-5940)/78 - 6/m. Calculate the greatest common factor of k and 39.
39
Suppose 16*v = 972 - 44. What is the greatest common divisor of 12238 and v?
58
Suppose 0*y - 2*y = 0. Suppose 4*v = -y*v + 112. Let a be 203/(-116)*2*-4. Calculate the greatest common divisor of a and v.
14
Let h(d) be the third derivative of 23*d**4/12 - 65*d**3/3 + 2*d**2 - 35. Let u be h(3). Calculate the highest common divisor of 4 and u.
4
Let q(l) = 24*l**3 - 2*l**2 - l - 3. Let i be q(3). Suppose 584*o = -2297 + 32013 + 652. What is the greatest common divisor of o and i?
52
Suppose -125 = -3*l + 25. Suppose -3*v + 15*k + 206 = 11*k, 214 = 3*v + 4*k. Calculate the highest common divisor of v and l.
10
Suppose -15*m + 37*m - 44 = 0. Let s be m/5*(-300)/(-10). What is the greatest common divisor of 84 and s?
12
Let g be (6 - 6 - 7) + -352. Let t = g + 363. What is the greatest common factor of t and 5?
1
Let t be ((-12)/10)/(9/((-23850)/20)). Let y = t - 105. What is the greatest common factor of 594 and y?
54
Let g(a) = 8*a**2 + 3*a - 38. Let s be g(13). Calculate the greatest common divisor of 55 and s.
11
Let u be (864/684*-19)/((-1)/(4/6)). Let d be ((-352)/6)/